 highest common divisor of i and 424.
53
Let s(n) be the second derivative of -2*n**3/3 - 8*n**2 + 7*n. Let x be (-2)/(-4) + 11/(-2). Let t be s(x). Calculate the highest common factor of 12 and t.
4
Let z be 39*(0*(-1)/5 - -1). Calculate the greatest common divisor of z and 13.
13
Let t = -59 + 80. Suppose -24 = -t*z + 19*z. Calculate the highest common divisor of z and 30.
6
Let r = 82 + 9. Calculate the greatest common divisor of 7 and r.
7
Let g = -395 + 533. What is the highest common factor of g and 46?
46
Let l = -1092 + 1807. Calculate the highest common factor of l and 55.
55
Suppose 3*v = v + 4*y + 34, -2*y = 0. What is the highest common divisor of 136 and v?
17
Let z(u) = 68*u. Let i be z(2). Suppose 23*c = -39*c - 403 + 1457. Calculate the greatest common divisor of i and c.
17
Let q(z) = -2*z**2 + 13*z - 10. Let u be q(5). What is the greatest common divisor of 125 and u?
5
Suppose 0 = -4*g - 0*g - 4*x + 880, -3*g + 5*x + 660 = 0. Suppose -i + 440 = i + 4*t, 5*t - g = -i. Calculate the highest common divisor of 20 and i.
20
Let n(r) be the first derivative of -r**4/4 - 3*r**3 + 11*r**2/2 + 20*r + 6. Let s be n(-10). What is the highest common divisor of s and 110?
10
Let i be 74 + (-15)/((-165)/(-22)). What is the highest common factor of 27 and i?
9
Let s = 255 + -233. What is the highest common factor of 8 and s?
2
Suppose -11*d + 13652 - 4698 = 0. Calculate the highest common divisor of d and 148.
74
Let x(s) = 40*s. Let d be x(4). Let a be 3/((-30)/(-602)) - (-1)/(-5). Suppose a = 36*j - 33*j. Calculate the greatest common factor of j and d.
20
Suppose -3*p - 270 = 4*v, 360 = -2*p - 2*p + v. Let a be ((-6)/(-5))/((-4)/p). What is the highest common factor of a and 189?
27
Let d(s) = s**2 - 13*s + 8. Let g be d(11). Let x be g/91 - 316/(-26). Suppose y - x - 2 = 0. What is the greatest common factor of 42 and y?
14
Suppose 4*l - 4*p = -3*p - 68, -5*p = 4*l + 92. Let v = l + 24. What is the highest common factor of v and 18?
6
Let t = 23 + -19. Let o = 0 + t. Suppose 0 = o*x + 25 - 89. What is the highest common factor of x and 16?
16
Let l(a) = 8*a**2 + 19*a. Let k be l(-4). Calculate the highest common divisor of k and 39.
13
Suppose 0 = 14*s - 19*s + 165. What is the highest common divisor of 121 and s?
11
Let z(f) = f**3 - 11*f**2 - 12*f - 3. Let s be z(12). Let r be (s - (-18)/12)/((-2)/12). Calculate the highest common divisor of 6 and r.
3
Suppose -7*j + 266 = -6*j. Let w = -98 + j. Calculate the greatest common factor of 12 and w.
12
Suppose -275 + 7 = -2*b + 4*w, 4*w = -20. Let t = b + 38. Suppose 0 = -3*o - 19 + 73. Calculate the greatest common factor of t and o.
18
Suppose -17*u + 481 = -4*u. Suppose -5*q = -u - 13. Let a = 64 + -14. Calculate the highest common factor of a and q.
10
Let l = 185 - 163. What is the highest common divisor of 803 and l?
11
Let t be 8 + (2 - (-2 + 4)). Calculate the highest common factor of 184 and t.
8
Let s be (((-486)/45)/(-18))/((-9)/(-345)). Suppose 50 = -3*a + 6*a + 2*g, 5*g + 125 = 5*a. Let v = a - -72. What is the highest common divisor of s and v?
23
Suppose 6048 = -27*w + 63*w. Calculate the greatest common divisor of w and 294.
42
Let z be (-62)/(-8) + 2/8. Let x(b) = 7*b**2 + 1. Let o be x(-1). Calculate the highest common factor of z and o.
8
Suppose 0 = 3*p + 2*p - 90. Let a(x) = 3*x**2 - 2*x + 1. Let g be a(1). Let v be (g/2)/(-2)*-108. What is the highest common divisor of v and p?
18
Let r be (24 - 1)/(4 - 3). Suppose r*k + 264 = 26*k. What is the greatest common factor of 16 and k?
8
Let w be 102/(-136) + 518/8. What is the greatest common factor of w and 24?
8
Let p(n) = 2 + 4 - 11*n + 0 - n**2. Let s be p(-11). Let i be (s/(-8))/(3/(-252)). Calculate the greatest common factor of i and 7.
7
Let o = 104 + -100. Suppose 0 = j + j + 4*i - 96, i = o*j - 156. Calculate the highest common divisor of 10 and j.
10
Let f be -1 - -2*42/4. Let a be (2 + (-124)/7)*266/(-19). What is the highest common factor of f and a?
20
Suppose 0 = 5*f - 9595 - 10090. What is the highest common factor of 127 and f?
127
Let p be 35/10*(-9 - -3). Let q = p + 24. Suppose 3*b - 3 = -w + 1, -3*w + q*b + 36 = 0. Calculate the highest common factor of 50 and w.
10
Suppose -i + 9 + 5 = 0. Let m be (-22)/77 + (-300)/(-21). Calculate the greatest common divisor of m and i.
14
Let p(u) = 4*u**2 + 18*u + 18. Let d be p(-1). What is the highest common factor of d and 284?
4
Let w be (56 - -1) + (1 - 2). Calculate the greatest common divisor of 21 and w.
7
Suppose 0 - 2 = 2*p, -5*a + 4*p - 1 = 0. Let o be (-10)/a + (1 - -1) + -2. Calculate the highest common divisor of 80 and o.
10
Suppose -k + 4*w + 73 = 0, -3*k + 197 = -2*w + w. Let r = k - 99. Let z be r/(-8) + 15/(-60). Calculate the greatest common factor of z and 4.
4
Suppose 0 = 1288*o - 1303*o + 1995. What is the greatest common divisor of 91 and o?
7
Let l be (4 - (0 - 262))/2. Calculate the highest common divisor of 19 and l.
19
Let c(v) = 3*v - 2. Let m be c(2). Suppose -m*x + x - 12 = 0. Let o be x/6 + 38/3. Calculate the greatest common divisor of o and 60.
12
Suppose 3*t + h = 3*h + 285, 2*t - h - 190 = 0. Calculate the greatest common divisor of t and 1045.
95
Suppose -2*j + 192 = f, 2*f + 58 + 230 = 3*j. Let d = 24 + j. Calculate the greatest common factor of d and 48.
24
Suppose -5*l = -3*l - 8. Suppose -l*d = -2*i - 14 - 0, -d = 2*i - 11. Suppose 0*y = y - 33. Calculate the greatest common divisor of y and i.
3
Suppose -42 = 37*k - 40*k. Calculate the greatest common divisor of k and 35.
7
Suppose 0 = 5*v - v - 12. Let k(m) = -3*m + 4. Let z be k(v). Let h = 6 + z. What is the greatest common divisor of 3 and h?
1
Let y(c) = -17*c**3 - 22*c**2 - 3*c + 6. Let z be y(-3). What is the greatest common divisor of z and 24?
12
Let b(v) = v**2 + 14*v + 45. Let g be b(-10). Let j(a) = a**2 - 6*a + 13. Let f be j(g). Calculate the highest common divisor of f and 20.
4
Let y(f) = -4*f + 3. Let l be y(-1). Suppose 0 = 3*r - 9. Suppose r*p + 0 = 3. Calculate the greatest common divisor of l and p.
1
Let w be 28992/42 + 12/(-42). What is the highest common divisor of w and 92?
46
Let j = -5 - -2. Let x = j + 9. Suppose x = h - 1. Calculate the highest common divisor of 1 and h.
1
Let s(p) = p**3 - 3*p**2 - 3*p + 4. Let o be s(4). Suppose -3*q - 5 = -o. Calculate the greatest common factor of 8 and q.
1
Let c(d) = -d + 11. Let r be c(4). Calculate the highest common divisor of r and 7.
7
Let r be 564/14 + (-216)/756. Calculate the greatest common factor of r and 5.
5
Suppose -11 = 3*b - 38. Let d be -2 - -4*b/6. Suppose 0*f - 928 = -d*f. Calculate the greatest common divisor of f and 29.
29
Let f = -276 - -313. Calculate the greatest common factor of f and 481.
37
Let k = -466 - -508. What is the greatest common factor of k and 546?
42
Let p be (28/(-2))/(7/(-91)*2). What is the highest common factor of p and 13?
13
Let o be 5 - (8/(-12))/(4/564). What is the greatest common factor of o and 36?
9
Suppose 0 = 5*t + 5*b - 85, -4*t = -24*b + 21*b - 33. What is the highest common divisor of 708 and t?
12
Let y = -40 - -50. Suppose -y*f = -970 - 1270. Let i(v) = -5*v - 7. Let h be i(-7). Calculate the highest common divisor of f and h.
28
Let h(z) = 31*z + 81 + 31 - 30*z. Let j be h(0). What is the greatest common divisor of j and 28?
28
Suppose 0 = 2*k - 957 - 2067. Suppose m + 6*m - k = 0. What is the greatest common divisor of 24 and m?
24
Suppose -43*r = -11*r - 3808. Let c(i) = -i**3 + 5*i**2 + 1. Let g be c(4). What is the highest common factor of r and g?
17
Suppose 0 = -6*c + 4*c + 4*i + 18, i - 4 = 0. Suppose -5*j = -c*j + 1632. Calculate the highest common divisor of 8 and j.
8
Let p(b) = 50*b + 18. Let y be p(8). What is the greatest common divisor of y and 22?
22
Let f be 1 - (1 + (1 - 8)). Suppose -l + 27 = -5*j + 2*j, j - f = -l. What is the highest common divisor of 6 and l?
6
Let d be ((-560)/(-105))/(3 + (-986)/330). Calculate the greatest common factor of d and 44.
44
Suppose 2*c - 2*w + 0*w = -6, -2*c = w - 9. Let q be (c/4)/((-1)/(-40)). Let s be 15*(q/(-4))/(-5). Calculate the highest common factor of s and 3.
3
Suppose -k + 33 = -63. Let w be (5*-1)/((-3)/3). Suppose 48 = w*r - r. What is the highest common divisor of k and r?
12
